{"id":959,"date":"2025-10-09T10:31:32","date_gmt":"2025-10-09T08:31:32","guid":{"rendered":"https:\/\/lainedebordeaux.fr\/?post_type=tribe_events&#038;p=959"},"modified":"2025-10-09T10:31:32","modified_gmt":"2025-10-09T08:31:32","slug":"tricotthe-et-afterknit","status":"publish","type":"tribe_events","link":"https:\/\/lainedebordeaux.fr\/index.php\/event\/tricotthe-et-afterknit\/","title":{"rendered":"TricotTh\u00e9 et AfterKnit"},"content":{"rendered":"<p class=\"_ap3a _aaco _aacu _aacx _aad7 _aade\" dir=\"auto\">\ud83c\udf42 L\u2019automne s\u2019installe doucement\u2026 Les feuilles se parent de couleurs dor\u00e9es, la lumi\u00e8re devient plus douce, et la saison nous invite \u00e0 ralentir, \u00e0 nous retrouver, \u00e0 cr\u00e9er.<br \/>\n\u00c0 l\u2019occasion de la Toussaint, d\u2019Halloween ou du D\u00eda de los Muertos, la nature nous murmure l\u2019importance du lien, du souvenir et du partage.<br \/>\nEt quoi de mieux qu\u2019un moment cosy autour de la laine pour c\u00e9l\u00e9brer tout cela ?<\/p>\n<p>\ud83e\uddf6 Je vous invite \u00e0 un TricotTh\u00e9 &amp; AfterKnit au Magasin G\u00e9n\u00e9ral, au c\u0153ur de Darwin sur la Rive Droite de Bordeaux, ce 30\/10\/2015 de 15h \u00e0 17 et 17h \u00e0 19h.<\/p>\n<p>\u2728 Au programme :<br \/>\n\u2615 Un moment chaleureux pour d\u00e9couvrir les laines naturelles de Gironde et tricoter en toute convivialit\u00e9.<br \/>\n\ud83d\udd01 Un Troc Pelotes : apportez vos pelotes esseul\u00e9es, entam\u00e9es ou m\u00eame vos restes de fil. Elles pourraient trouver une nouvelle vie entre les mains d\u2019un\u00b7e autre passionn\u00e9\u00b7e !<br \/>\n\ud83e\udde4 Une proposition de tricot solidaire : avec les pelotes \u00e9chang\u00e9es, nous vous invitons \u00e0 confectionner bonnets, mitaines ou \u00e9charpes destin\u00e9s \u00e0 des associations locales. Un petit geste qui r\u00e9chauffe les c\u0153urs autant que les corps.<br \/>\n\ud83c\udf83 Pour vos ouvrages en cours, partagez vos cr\u00e9ations aux couleurs de l\u2019automne ou inspir\u00e9es d\u2019Halloween : citrouilles, fant\u00f4mes, feuillages, cr\u00e9atures magiques\u2026 laissez parler votre imagination !<br \/>\n\ud83d\udca1 Des \u00e9changes d\u2019astuces, d\u2019inspirations et de bonnes ondes autour de vos projets : tricot, crochet, broderie, filage\u2026 tout est bienvenu.<br \/>\n\ud83e\udd1d Une belle occasion de rencontrer une communaut\u00e9 cr\u00e9ative et bienveillante, pr\u00eate \u00e0 tisser des liens autant que des mailles.<\/p>\n<p>On a h\u00e2te de vous y retrouver pour c\u00e9l\u00e9brer ensemble la magie de l\u2019automne et le plaisir de cr\u00e9er avec les mains et le c\u0153ur \u2764\ufe0f<\/p>\n<p>R\u00e9servez votre place via le lien en description :<\/p>\n<p>\ud83c\udfab Entr\u00e9e gratuite<\/p>\n","protected":false},"excerpt":{"rendered":"<p>\ud83c\udf42 L\u2019automne s\u2019installe doucement\u2026 Les feuilles se parent de couleurs dor\u00e9es, la lumi\u00e8re devient plus douce, et la saison nous invite \u00e0 ralentir, \u00e0 nous retrouver, \u00e0 cr\u00e9er. \u00c0 l\u2019occasion &hellip; <\/p>\n<p class=\"link-more\"><a href=\"https:\/\/lainedebordeaux.fr\/index.php\/event\/tricotthe-et-afterknit\/\" class=\"more-link\">Lire la suite de<span class=\"screen-reader-text\">\u00ab\u00a0TricotTh\u00e9 et AfterKnit\u00a0\u00bb<\/span><\/a><\/p>\n","protected":false},"author":1,"featured_media":960,"template":"","meta":{"_tribe_events_status":"","_tribe_events_status_reason":"","footnotes":""},"tags":[],"tribe_events_cat":[],"class_list":["post-959","tribe_events","type-tribe_events","status-publish","has-post-thumbnail","hentry"],"_links":{"self":[{"href":"https:\/\/lainedebordeaux.fr\/index.php\/wp-json\/wp\/v2\/tribe_events\/959","targetHints":{"allow":["GET"]}}],"collection":[{"href":"https:\/\/lainedebordeaux.fr\/index.php\/wp-json\/wp\/v2\/tribe_events"}],"about":[{"href":"https:\/\/lainedebordeaux.fr\/index.php\/wp-json\/wp\/v2\/types\/tribe_events"}],"author":[{"embeddable":true,"href":"https:\/\/lainedebordeaux.fr\/index.php\/wp-json\/wp\/v2\/users\/1"}],"version-history":[{"count":2,"href":"https:\/\/lainedebordeaux.fr\/index.php\/wp-json\/wp\/v2\/tribe_events\/959\/revisions"}],"predecessor-version":[{"id":966,"href":"https:\/\/lainedebordeaux.fr\/index.php\/wp-json\/wp\/v2\/tribe_events\/959\/revisions\/966"}],"wp:featuredmedia":[{"embeddable":true,"href":"https:\/\/lainedebordeaux.fr\/index.php\/wp-json\/wp\/v2\/media\/960"}],"wp:attachment":[{"href":"https:\/\/lainedebordeaux.fr\/index.php\/wp-json\/wp\/v2\/media?parent=959"}],"wp:term":[{"taxonomy":"post_tag","embeddable":true,"href":"https:\/\/lainedebordeaux.fr\/index.php\/wp-json\/wp\/v2\/tags?post=959"},{"taxonomy":"tribe_events_cat","embeddable":true,"href":"https:\/\/lainedebordeaux.fr\/index.php\/wp-json\/wp\/v2\/tribe_events_cat?post=959"}],"curies":[{"name":"wp","href":"https:\/\/api.w.org\/{rel}","templated":true}]}}

TricotThé et AfterKnit

<p class="_ap3a _aaco _aacu _aacx _aad7 _aade" dir="auto">🍂 L’automne s’installe doucement… Les feuilles se parent de couleurs dorées, la lumière devient plus douce, et la saison nous invite à ralentir, à nous retrouver, à créer.<br />
À l’occasion de la Toussaint, d’Halloween ou du Día de los Muertos, la nature nous murmure l’importance du lien, du souvenir et du partage.<br />
Et quoi de mieux qu’un moment cosy autour de la laine pour célébrer tout cela ?</p>
<p>🧶 Je vous invite à un TricotThé &amp; AfterKnit au Magasin Général, au cœur de Darwin sur la Rive Droite de Bordeaux, ce 30/10/2015 de 15h à 17 et 17h à 19h.</p>
<p>✨ Au programme :<br />
☕ Un moment chaleureux pour découvrir les laines naturelles de Gironde et tricoter en toute convivialité.<br />
🔁 Un Troc Pelotes : apportez vos pelotes esseulées, entamées ou même vos restes de fil. Elles pourraient trouver une nouvelle vie entre les mains d’un·e autre passionné·e !<br />
🧤 Une proposition de tricot solidaire : avec les pelotes échangées, nous vous invitons à confectionner bonnets, mitaines ou écharpes destinés à des associations locales. Un petit geste qui réchauffe les cœurs autant que les corps.<br />
🎃 Pour vos ouvrages en cours, partagez vos créations aux couleurs de l’automne ou inspirées d’Halloween : citrouilles, fantômes, feuillages, créatures magiques… laissez parler votre imagination !<br />
💡 Des échanges d’astuces, d’inspirations et de bonnes ondes autour de vos projets : tricot, crochet, broderie, filage… tout est bienvenu.<br />
🤝 Une belle occasion de rencontrer une communauté créative et bienveillante, prête à tisser des liens autant que des mailles.</p>
<p>On a hâte de vous y retrouver pour célébrer ensemble la magie de l’automne et le plaisir de créer avec les mains et le cœur ❤️</p>
<p>Réservez votre place via le lien en description :</p>
<p>🎫 Entrée gratuite</p>

<p>🍂 L’automne s’installe doucement… Les feuilles se parent de couleurs dorées, la lumière devient plus douce, et la saison nous invite à ralentir, à nous retrouver, à créer. À l’occasion &hellip; </p>
<p class="link-more"><a href="https://lainedebordeaux.fr/index.php/event/tricotthe-et-afterknit/" class="more-link">Lire la suite de<span class="screen-reader-text">« TricotThé et AfterKnit »</span></a></p>
