{"id":896,"date":"2025-09-01T10:10:37","date_gmt":"2025-09-01T08:10:37","guid":{"rendered":"https:\/\/lainedebordeaux.fr\/?post_type=tribe_events&#038;p=896"},"modified":"2025-09-01T10:10:37","modified_gmt":"2025-09-01T08:10:37","slug":"portes-ouvertes-sur-la-nature-a-gradignan","status":"publish","type":"tribe_events","link":"https:\/\/lainedebordeaux.fr\/index.php\/event\/portes-ouvertes-sur-la-nature-a-gradignan\/","title":{"rendered":"Portes-ouvertes sur la Nature \u00e0 Gradignan"},"content":{"rendered":"<p>Au sein du Verger Refuge de l&rsquo;Eau Bourde \u00e0 Gradignan, venez participer aux Portes-Ouvertes de la Biodiversit\u00e9 !<\/p>\n<p>Nous nous retrouverons pour un atelier de tissage sur branche et de tissage de galons au milieu de la nature au sein du Verger Refuge.<\/p>\n<p>Lors de cet \u00e9v\u00e8nement, un concours photos est organis\u00e9 pour mettre en avant notre biodiversit\u00e9 locale, alors \u00e0 vos appareils !<\/p>\n<p>Plus de renseignement sur le site de l&rsquo;\u00e9v\u00e8nement.<\/p>\n","protected":false},"excerpt":{"rendered":"<p>Au sein du Verger Refuge de l&rsquo;Eau Bourde \u00e0 Gradignan, venez participer aux Portes-Ouvertes de la Biodiversit\u00e9 ! Nous nous retrouverons pour un atelier de tissage sur branche et de &hellip; <\/p>\n<p class=\"link-more\"><a href=\"https:\/\/lainedebordeaux.fr\/index.php\/event\/portes-ouvertes-sur-la-nature-a-gradignan\/\" class=\"more-link\">Lire la suite de<span class=\"screen-reader-text\">\u00ab\u00a0Portes-ouvertes sur la Nature \u00e0 Gradignan\u00a0\u00bb<\/span><\/a><\/p>\n","protected":false},"author":1,"featured_media":897,"template":"","meta":{"_tribe_events_status":"","_tribe_events_status_reason":"","footnotes":""},"tags":[],"tribe_events_cat":[],"class_list":["post-896","tribe_events","type-tribe_events","status-publish","has-post-thumbnail","hentry"],"_links":{"self":[{"href":"https:\/\/lainedebordeaux.fr\/index.php\/wp-json\/wp\/v2\/tribe_events\/896","targetHints":{"allow":["GET"]}}],"collection":[{"href":"https:\/\/lainedebordeaux.fr\/index.php\/wp-json\/wp\/v2\/tribe_events"}],"about":[{"href":"https:\/\/lainedebordeaux.fr\/index.php\/wp-json\/wp\/v2\/types\/tribe_events"}],"author":[{"embeddable":true,"href":"https:\/\/lainedebordeaux.fr\/index.php\/wp-json\/wp\/v2\/users\/1"}],"version-history":[{"count":1,"href":"https:\/\/lainedebordeaux.fr\/index.php\/wp-json\/wp\/v2\/tribe_events\/896\/revisions"}],"predecessor-version":[{"id":899,"href":"https:\/\/lainedebordeaux.fr\/index.php\/wp-json\/wp\/v2\/tribe_events\/896\/revisions\/899"}],"wp:featuredmedia":[{"embeddable":true,"href":"https:\/\/lainedebordeaux.fr\/index.php\/wp-json\/wp\/v2\/media\/897"}],"wp:attachment":[{"href":"https:\/\/lainedebordeaux.fr\/index.php\/wp-json\/wp\/v2\/media?parent=896"}],"wp:term":[{"taxonomy":"post_tag","embeddable":true,"href":"https:\/\/lainedebordeaux.fr\/index.php\/wp-json\/wp\/v2\/tags?post=896"},{"taxonomy":"tribe_events_cat","embeddable":true,"href":"https:\/\/lainedebordeaux.fr\/index.php\/wp-json\/wp\/v2\/tribe_events_cat?post=896"}],"curies":[{"name":"wp","href":"https:\/\/api.w.org\/{rel}","templated":true}]}}

Portes-ouvertes sur la Nature à Gradignan

<p>Au sein du Verger Refuge de l&rsquo;Eau Bourde à Gradignan, venez participer aux Portes-Ouvertes de la Biodiversité !</p>
<p>Nous nous retrouverons pour un atelier de tissage sur branche et de tissage de galons au milieu de la nature au sein du Verger Refuge.</p>
<p>Lors de cet évènement, un concours photos est organisé pour mettre en avant notre biodiversité locale, alors à vos appareils !</p>
<p>Plus de renseignement sur le site de l&rsquo;évènement.</p>

<p>Au sein du Verger Refuge de l&rsquo;Eau Bourde à Gradignan, venez participer aux Portes-Ouvertes de la Biodiversité ! Nous nous retrouverons pour un atelier de tissage sur branche et de &hellip; </p>
<p class="link-more"><a href="https://lainedebordeaux.fr/index.php/event/portes-ouvertes-sur-la-nature-a-gradignan/" class="more-link">Lire la suite de<span class="screen-reader-text">« Portes-ouvertes sur la Nature à Gradignan »</span></a></p>
