{"id":888,"date":"2025-09-01T09:44:32","date_gmt":"2025-09-01T07:44:32","guid":{"rendered":"https:\/\/lainedebordeaux.fr\/?post_type=tribe_events&#038;p=888"},"modified":"2025-09-05T17:53:07","modified_gmt":"2025-09-05T15:53:07","slug":"fete-de-la-biodiversite-a-saint-loubes","status":"publish","type":"tribe_events","link":"https:\/\/lainedebordeaux.fr\/index.php\/event\/fete-de-la-biodiversite-a-saint-loubes\/","title":{"rendered":"F\u00eate de la Biodiversit\u00e9 \u00e0 Saint-Loub\u00e8s"},"content":{"rendered":"<p>Au sein du parc de la coupole \u00e0 Saint-Loubes, venez participer \u00e0 la f\u00eate de la Biodiversit\u00e9 !<\/p>\n<p>En plus de ma d\u00e9monstration du travail de la laine et de l&rsquo;atelier de filage, des expositions, animations, jeux et concerts sont pr\u00e9vues lors de cette journ\u00e9e.<\/p>\n<p>\u00c9v\u00e8nement gratuit<\/p>\n","protected":false},"excerpt":{"rendered":"<p>Au sein du parc de la coupole \u00e0 Saint-Loubes, venez participer \u00e0 la f\u00eate de la Biodiversit\u00e9 ! En plus de ma d\u00e9monstration du travail de la laine et de &hellip; <\/p>\n<p class=\"link-more\"><a href=\"https:\/\/lainedebordeaux.fr\/index.php\/event\/fete-de-la-biodiversite-a-saint-loubes\/\" class=\"more-link\">Lire la suite de<span class=\"screen-reader-text\">\u00ab\u00a0F\u00eate de la Biodiversit\u00e9 \u00e0 Saint-Loub\u00e8s\u00a0\u00bb<\/span><\/a><\/p>\n","protected":false},"author":1,"featured_media":889,"template":"","meta":{"_tribe_events_status":"","_tribe_events_status_reason":"","footnotes":""},"tags":[],"tribe_events_cat":[12],"class_list":["post-888","tribe_events","type-tribe_events","status-publish","has-post-thumbnail","hentry","tribe_events_cat-festival","cat_festival"],"_links":{"self":[{"href":"https:\/\/lainedebordeaux.fr\/index.php\/wp-json\/wp\/v2\/tribe_events\/888","targetHints":{"allow":["GET"]}}],"collection":[{"href":"https:\/\/lainedebordeaux.fr\/index.php\/wp-json\/wp\/v2\/tribe_events"}],"about":[{"href":"https:\/\/lainedebordeaux.fr\/index.php\/wp-json\/wp\/v2\/types\/tribe_events"}],"author":[{"embeddable":true,"href":"https:\/\/lainedebordeaux.fr\/index.php\/wp-json\/wp\/v2\/users\/1"}],"version-history":[{"count":1,"href":"https:\/\/lainedebordeaux.fr\/index.php\/wp-json\/wp\/v2\/tribe_events\/888\/revisions"}],"predecessor-version":[{"id":892,"href":"https:\/\/lainedebordeaux.fr\/index.php\/wp-json\/wp\/v2\/tribe_events\/888\/revisions\/892"}],"wp:featuredmedia":[{"embeddable":true,"href":"https:\/\/lainedebordeaux.fr\/index.php\/wp-json\/wp\/v2\/media\/889"}],"wp:attachment":[{"href":"https:\/\/lainedebordeaux.fr\/index.php\/wp-json\/wp\/v2\/media?parent=888"}],"wp:term":[{"taxonomy":"post_tag","embeddable":true,"href":"https:\/\/lainedebordeaux.fr\/index.php\/wp-json\/wp\/v2\/tags?post=888"},{"taxonomy":"tribe_events_cat","embeddable":true,"href":"https:\/\/lainedebordeaux.fr\/index.php\/wp-json\/wp\/v2\/tribe_events_cat?post=888"}],"curies":[{"name":"wp","href":"https:\/\/api.w.org\/{rel}","templated":true}]}}

Fête de la Biodiversité à Saint-Loubès

<p>Au sein du parc de la coupole à Saint-Loubes, venez participer à la fête de la Biodiversité !</p>
<p>En plus de ma démonstration du travail de la laine et de l&rsquo;atelier de filage, des expositions, animations, jeux et concerts sont prévues lors de cette journée.</p>
<p>Évènement gratuit</p>

<p>Au sein du parc de la coupole à Saint-Loubes, venez participer à la fête de la Biodiversité ! En plus de ma démonstration du travail de la laine et de &hellip; </p>
<p class="link-more"><a href="https://lainedebordeaux.fr/index.php/event/fete-de-la-biodiversite-a-saint-loubes/" class="more-link">Lire la suite de<span class="screen-reader-text">« Fête de la Biodiversité à Saint-Loubès »</span></a></p>
