{"id":879,"date":"2025-07-12T14:31:40","date_gmt":"2025-07-12T12:31:40","guid":{"rendered":"https:\/\/lainedebordeaux.fr\/?post_type=tribe_events&#038;p=879"},"modified":"2025-07-12T14:33:31","modified_gmt":"2025-07-12T12:33:31","slug":"fete-champetre-bassens","status":"publish","type":"tribe_events","link":"https:\/\/lainedebordeaux.fr\/index.php\/event\/fete-champetre-bassens\/","title":{"rendered":"F\u00eate Champ\u00eatre Bassens"},"content":{"rendered":"<p>Lors de la f\u00eate Champ\u00eatre de Bassens, venez d\u00e9couvrir la transformation de la laine.<\/p>\n<p><strong>D\u00e9monstration filage de laine de 14h \u00e0 15h, puis deux ateliers de 15h \u00e0 16h et de 16h \u00e0 17h.<\/strong><\/p>\n<p>Inscription aupr\u00e8s de la mairie de BASSENS au 05 57 80 81 39.<\/p>\n","protected":false},"excerpt":{"rendered":"<p>Lors de la f\u00eate Champ\u00eatre de Bassens, venez d\u00e9couvrir la transformation de la laine. D\u00e9monstration filage de laine de 14h \u00e0 15h, puis deux ateliers de 15h \u00e0 16h et &hellip; <\/p>\n<p class=\"link-more\"><a href=\"https:\/\/lainedebordeaux.fr\/index.php\/event\/fete-champetre-bassens\/\" class=\"more-link\">Lire la suite de<span class=\"screen-reader-text\">\u00ab\u00a0F\u00eate Champ\u00eatre Bassens\u00a0\u00bb<\/span><\/a><\/p>\n","protected":false},"author":1,"featured_media":880,"template":"","meta":{"_tribe_events_status":"","_tribe_events_status_reason":"","footnotes":""},"tags":[],"tribe_events_cat":[14],"class_list":["post-879","tribe_events","type-tribe_events","status-publish","has-post-thumbnail","hentry","tribe_events_cat-animations","cat_animations"],"_links":{"self":[{"href":"https:\/\/lainedebordeaux.fr\/index.php\/wp-json\/wp\/v2\/tribe_events\/879","targetHints":{"allow":["GET"]}}],"collection":[{"href":"https:\/\/lainedebordeaux.fr\/index.php\/wp-json\/wp\/v2\/tribe_events"}],"about":[{"href":"https:\/\/lainedebordeaux.fr\/index.php\/wp-json\/wp\/v2\/types\/tribe_events"}],"author":[{"embeddable":true,"href":"https:\/\/lainedebordeaux.fr\/index.php\/wp-json\/wp\/v2\/users\/1"}],"version-history":[{"count":2,"href":"https:\/\/lainedebordeaux.fr\/index.php\/wp-json\/wp\/v2\/tribe_events\/879\/revisions"}],"predecessor-version":[{"id":883,"href":"https:\/\/lainedebordeaux.fr\/index.php\/wp-json\/wp\/v2\/tribe_events\/879\/revisions\/883"}],"wp:featuredmedia":[{"embeddable":true,"href":"https:\/\/lainedebordeaux.fr\/index.php\/wp-json\/wp\/v2\/media\/880"}],"wp:attachment":[{"href":"https:\/\/lainedebordeaux.fr\/index.php\/wp-json\/wp\/v2\/media?parent=879"}],"wp:term":[{"taxonomy":"post_tag","embeddable":true,"href":"https:\/\/lainedebordeaux.fr\/index.php\/wp-json\/wp\/v2\/tags?post=879"},{"taxonomy":"tribe_events_cat","embeddable":true,"href":"https:\/\/lainedebordeaux.fr\/index.php\/wp-json\/wp\/v2\/tribe_events_cat?post=879"}],"curies":[{"name":"wp","href":"https:\/\/api.w.org\/{rel}","templated":true}]}}

Fête Champêtre Bassens

<p>Lors de la fête Champêtre de Bassens, venez découvrir la transformation de la laine.</p>
<p><strong>Démonstration filage de laine de 14h à 15h, puis deux ateliers de 15h à 16h et de 16h à 17h.</strong></p>
<p>Inscription auprès de la mairie de BASSENS au 05 57 80 81 39.</p>

<p>Lors de la fête Champêtre de Bassens, venez découvrir la transformation de la laine. Démonstration filage de laine de 14h à 15h, puis deux ateliers de 15h à 16h et &hellip; </p>
<p class="link-more"><a href="https://lainedebordeaux.fr/index.php/event/fete-champetre-bassens/" class="more-link">Lire la suite de<span class="screen-reader-text">« Fête Champêtre Bassens »</span></a></p>
