{"id":833,"date":"2025-07-02T11:12:31","date_gmt":"2025-07-02T09:12:31","guid":{"rendered":"https:\/\/lainedebordeaux.fr\/?post_type=tribe_events&#038;p=833"},"modified":"2025-07-02T11:12:31","modified_gmt":"2025-07-02T09:12:31","slug":"quartier-dete","status":"publish","type":"tribe_events","link":"https:\/\/lainedebordeaux.fr\/index.php\/event\/quartier-dete\/","title":{"rendered":"Quartier d&rsquo;\u00e9t\u00e9"},"content":{"rendered":"<p>Dans le cadre du programme Quartiers d&rsquo;\u00e9t\u00e9, le mercredi 23 juillet \u00e0 l&rsquo;Espace Michel vous pourrez vous initier au tissage sur peigne pour apprendre \u00e0 tisser marque-page, porte-cl\u00e9s, ceinture&#8230; Venez d\u00e9couvrir cet outil ancestral du peuple scandinave, les Samis !<\/p>\n","protected":false},"excerpt":{"rendered":"<p>Dans le cadre du programme Quartiers d&rsquo;\u00e9t\u00e9, le mercredi 23 juillet \u00e0 l&rsquo;Espace Michel vous pourrez vous initier au tissage sur peigne pour apprendre \u00e0 tisser marque-page, porte-cl\u00e9s, ceinture&#8230; Venez &hellip; <\/p>\n<p class=\"link-more\"><a href=\"https:\/\/lainedebordeaux.fr\/index.php\/event\/quartier-dete\/\" class=\"more-link\">Lire la suite de<span class=\"screen-reader-text\">\u00ab\u00a0Quartier d&rsquo;\u00e9t\u00e9\u00a0\u00bb<\/span><\/a><\/p>\n","protected":false},"author":1,"featured_media":829,"template":"","meta":{"_tribe_events_status":"","_tribe_events_status_reason":"","footnotes":""},"tags":[],"tribe_events_cat":[],"class_list":["post-833","tribe_events","type-tribe_events","status-publish","has-post-thumbnail","hentry"],"_links":{"self":[{"href":"https:\/\/lainedebordeaux.fr\/index.php\/wp-json\/wp\/v2\/tribe_events\/833","targetHints":{"allow":["GET"]}}],"collection":[{"href":"https:\/\/lainedebordeaux.fr\/index.php\/wp-json\/wp\/v2\/tribe_events"}],"about":[{"href":"https:\/\/lainedebordeaux.fr\/index.php\/wp-json\/wp\/v2\/types\/tribe_events"}],"author":[{"embeddable":true,"href":"https:\/\/lainedebordeaux.fr\/index.php\/wp-json\/wp\/v2\/users\/1"}],"version-history":[{"count":1,"href":"https:\/\/lainedebordeaux.fr\/index.php\/wp-json\/wp\/v2\/tribe_events\/833\/revisions"}],"predecessor-version":[{"id":834,"href":"https:\/\/lainedebordeaux.fr\/index.php\/wp-json\/wp\/v2\/tribe_events\/833\/revisions\/834"}],"wp:featuredmedia":[{"embeddable":true,"href":"https:\/\/lainedebordeaux.fr\/index.php\/wp-json\/wp\/v2\/media\/829"}],"wp:attachment":[{"href":"https:\/\/lainedebordeaux.fr\/index.php\/wp-json\/wp\/v2\/media?parent=833"}],"wp:term":[{"taxonomy":"post_tag","embeddable":true,"href":"https:\/\/lainedebordeaux.fr\/index.php\/wp-json\/wp\/v2\/tags?post=833"},{"taxonomy":"tribe_events_cat","embeddable":true,"href":"https:\/\/lainedebordeaux.fr\/index.php\/wp-json\/wp\/v2\/tribe_events_cat?post=833"}],"curies":[{"name":"wp","href":"https:\/\/api.w.org\/{rel}","templated":true}]}}

Quartier d&rsquo;été

<p>Dans le cadre du programme Quartiers d&rsquo;été, le mercredi 23 juillet à l&rsquo;Espace Michel vous pourrez vous initier au tissage sur peigne pour apprendre à tisser marque-page, porte-clés, ceinture&#8230; Venez découvrir cet outil ancestral du peuple scandinave, les Samis !</p>

<p>Dans le cadre du programme Quartiers d&rsquo;été, le mercredi 23 juillet à l&rsquo;Espace Michel vous pourrez vous initier au tissage sur peigne pour apprendre à tisser marque-page, porte-clés, ceinture&#8230; Venez &hellip; </p>
<p class="link-more"><a href="https://lainedebordeaux.fr/index.php/event/quartier-dete/" class="more-link">Lire la suite de<span class="screen-reader-text">« Quartier d&rsquo;été »</span></a></p>
