{"id":828,"date":"2025-07-02T11:06:32","date_gmt":"2025-07-02T09:06:32","guid":{"rendered":"https:\/\/lainedebordeaux.fr\/?post_type=tribe_events&#038;p=828"},"modified":"2025-07-02T11:06:50","modified_gmt":"2025-07-02T09:06:50","slug":"quartiers-dete","status":"publish","type":"tribe_events","link":"https:\/\/lainedebordeaux.fr\/index.php\/event\/quartiers-dete\/","title":{"rendered":"Quartiers d&rsquo;\u00e9t\u00e9"},"content":{"rendered":"<p>Dans le cadre du programme Quartiers d&rsquo;\u00e9t\u00e9, le mercredi 9 juillet \u00e0 l&rsquo;Espace Michel vous pourrez vous initier au feutrage \u00e0 l&rsquo;eau de la laine pour r\u00e9aliser diff\u00e9rents objets d\u00e9coratifs (broche, perle de laine, marque-page, mini-tableau, mini-pochette&#8230;)<\/p>\n<p>Venez d\u00e9couvrir l&rsquo;univers magique du feutrage \u00e0 l&rsquo;eau !<\/p>\n","protected":false},"excerpt":{"rendered":"<p>Dans le cadre du programme Quartiers d&rsquo;\u00e9t\u00e9, le mercredi 9 juillet \u00e0 l&rsquo;Espace Michel vous pourrez vous initier au feutrage \u00e0 l&rsquo;eau de la laine pour r\u00e9aliser diff\u00e9rents objets d\u00e9coratifs &hellip; <\/p>\n<p class=\"link-more\"><a href=\"https:\/\/lainedebordeaux.fr\/index.php\/event\/quartiers-dete\/\" class=\"more-link\">Lire la suite de<span class=\"screen-reader-text\">\u00ab\u00a0Quartiers d&rsquo;\u00e9t\u00e9\u00a0\u00bb<\/span><\/a><\/p>\n","protected":false},"author":1,"featured_media":829,"template":"","meta":{"_tribe_events_status":"","_tribe_events_status_reason":"","footnotes":""},"tags":[],"tribe_events_cat":[14],"class_list":["post-828","tribe_events","type-tribe_events","status-publish","has-post-thumbnail","hentry","tribe_events_cat-animations","cat_animations"],"_links":{"self":[{"href":"https:\/\/lainedebordeaux.fr\/index.php\/wp-json\/wp\/v2\/tribe_events\/828","targetHints":{"allow":["GET"]}}],"collection":[{"href":"https:\/\/lainedebordeaux.fr\/index.php\/wp-json\/wp\/v2\/tribe_events"}],"about":[{"href":"https:\/\/lainedebordeaux.fr\/index.php\/wp-json\/wp\/v2\/types\/tribe_events"}],"author":[{"embeddable":true,"href":"https:\/\/lainedebordeaux.fr\/index.php\/wp-json\/wp\/v2\/users\/1"}],"version-history":[{"count":1,"href":"https:\/\/lainedebordeaux.fr\/index.php\/wp-json\/wp\/v2\/tribe_events\/828\/revisions"}],"predecessor-version":[{"id":832,"href":"https:\/\/lainedebordeaux.fr\/index.php\/wp-json\/wp\/v2\/tribe_events\/828\/revisions\/832"}],"wp:featuredmedia":[{"embeddable":true,"href":"https:\/\/lainedebordeaux.fr\/index.php\/wp-json\/wp\/v2\/media\/829"}],"wp:attachment":[{"href":"https:\/\/lainedebordeaux.fr\/index.php\/wp-json\/wp\/v2\/media?parent=828"}],"wp:term":[{"taxonomy":"post_tag","embeddable":true,"href":"https:\/\/lainedebordeaux.fr\/index.php\/wp-json\/wp\/v2\/tags?post=828"},{"taxonomy":"tribe_events_cat","embeddable":true,"href":"https:\/\/lainedebordeaux.fr\/index.php\/wp-json\/wp\/v2\/tribe_events_cat?post=828"}],"curies":[{"name":"wp","href":"https:\/\/api.w.org\/{rel}","templated":true}]}}

Quartiers d&rsquo;été

<p>Dans le cadre du programme Quartiers d&rsquo;été, le mercredi 9 juillet à l&rsquo;Espace Michel vous pourrez vous initier au feutrage à l&rsquo;eau de la laine pour réaliser différents objets décoratifs (broche, perle de laine, marque-page, mini-tableau, mini-pochette&#8230;)</p>
<p>Venez découvrir l&rsquo;univers magique du feutrage à l&rsquo;eau !</p>

<p>Dans le cadre du programme Quartiers d&rsquo;été, le mercredi 9 juillet à l&rsquo;Espace Michel vous pourrez vous initier au feutrage à l&rsquo;eau de la laine pour réaliser différents objets décoratifs &hellip; </p>
<p class="link-more"><a href="https://lainedebordeaux.fr/index.php/event/quartiers-dete/" class="more-link">Lire la suite de<span class="screen-reader-text">« Quartiers d&rsquo;été »</span></a></p>
