{"id":770,"date":"2025-04-29T18:01:50","date_gmt":"2025-04-29T16:01:50","guid":{"rendered":"https:\/\/lainedebordeaux.fr\/?post_type=tribe_events&#038;p=770"},"modified":"2025-05-05T10:43:26","modified_gmt":"2025-05-05T08:43:26","slug":"chantier-medieval-de-guyenne","status":"publish","type":"tribe_events","link":"https:\/\/lainedebordeaux.fr\/index.php\/event\/chantier-medieval-de-guyenne\/","title":{"rendered":"Chantier M\u00e9di\u00e9val de Guyenne"},"content":{"rendered":"<div class=\"tribe-events-single-event-description tribe-events-content\">\n<p>Dans le cadre de la tonte du troupeau du Chantier M\u00e9di\u00e9val de Guyenne, je serai pr\u00e9sente pour vous faire d\u00e9couvrir la transformation de la laine \u00e0 l&rsquo;\u00e9poque du moyen-\u00e2ge et les propri\u00e9t\u00e9s de la, lors d\u2019une d\u00e9monstration.<\/p>\n<p>Pour cela rendez-vous au 421 route du Fronsadais &#8211; 33240 <strong>La Lande de Fronsac<\/strong><\/p>\n<\/div>\n","protected":false},"excerpt":{"rendered":"<p>Dans le cadre de la tonte du troupeau du Chantier M\u00e9di\u00e9val de Guyenne, je serai pr\u00e9sente pour vous faire d\u00e9couvrir la transformation de la laine \u00e0 l&rsquo;\u00e9poque du moyen-\u00e2ge et &hellip; <\/p>\n<p class=\"link-more\"><a href=\"https:\/\/lainedebordeaux.fr\/index.php\/event\/chantier-medieval-de-guyenne\/\" class=\"more-link\">Lire la suite de<span class=\"screen-reader-text\">\u00ab\u00a0Chantier M\u00e9di\u00e9val de Guyenne\u00a0\u00bb<\/span><\/a><\/p>\n","protected":false},"author":1,"featured_media":775,"template":"","meta":{"_tribe_events_status":"","_tribe_events_status_reason":"","footnotes":""},"tags":[],"tribe_events_cat":[14],"class_list":["post-770","tribe_events","type-tribe_events","status-publish","has-post-thumbnail","hentry","tribe_events_cat-animations","cat_animations"],"_links":{"self":[{"href":"https:\/\/lainedebordeaux.fr\/index.php\/wp-json\/wp\/v2\/tribe_events\/770","targetHints":{"allow":["GET"]}}],"collection":[{"href":"https:\/\/lainedebordeaux.fr\/index.php\/wp-json\/wp\/v2\/tribe_events"}],"about":[{"href":"https:\/\/lainedebordeaux.fr\/index.php\/wp-json\/wp\/v2\/types\/tribe_events"}],"author":[{"embeddable":true,"href":"https:\/\/lainedebordeaux.fr\/index.php\/wp-json\/wp\/v2\/users\/1"}],"version-history":[{"count":1,"href":"https:\/\/lainedebordeaux.fr\/index.php\/wp-json\/wp\/v2\/tribe_events\/770\/revisions"}],"predecessor-version":[{"id":773,"href":"https:\/\/lainedebordeaux.fr\/index.php\/wp-json\/wp\/v2\/tribe_events\/770\/revisions\/773"}],"wp:featuredmedia":[{"embeddable":true,"href":"https:\/\/lainedebordeaux.fr\/index.php\/wp-json\/wp\/v2\/media\/775"}],"wp:attachment":[{"href":"https:\/\/lainedebordeaux.fr\/index.php\/wp-json\/wp\/v2\/media?parent=770"}],"wp:term":[{"taxonomy":"post_tag","embeddable":true,"href":"https:\/\/lainedebordeaux.fr\/index.php\/wp-json\/wp\/v2\/tags?post=770"},{"taxonomy":"tribe_events_cat","embeddable":true,"href":"https:\/\/lainedebordeaux.fr\/index.php\/wp-json\/wp\/v2\/tribe_events_cat?post=770"}],"curies":[{"name":"wp","href":"https:\/\/api.w.org\/{rel}","templated":true}]}}

Chantier Médiéval de Guyenne

<div class="tribe-events-single-event-description tribe-events-content">
<p>Dans le cadre de la tonte du troupeau du Chantier Médiéval de Guyenne, je serai présente pour vous faire découvrir la transformation de la laine à l&rsquo;époque du moyen-âge et les propriétés de la, lors d’une démonstration.</p>
<p>Pour cela rendez-vous au 421 route du Fronsadais &#8211; 33240 <strong>La Lande de Fronsac</strong></p>
</div>

<p>Dans le cadre de la tonte du troupeau du Chantier Médiéval de Guyenne, je serai présente pour vous faire découvrir la transformation de la laine à l&rsquo;époque du moyen-âge et &hellip; </p>
<p class="link-more"><a href="https://lainedebordeaux.fr/index.php/event/chantier-medieval-de-guyenne/" class="more-link">Lire la suite de<span class="screen-reader-text">« Chantier Médiéval de Guyenne »</span></a></p>
