{"id":759,"date":"2025-04-22T14:50:11","date_gmt":"2025-04-22T12:50:11","guid":{"rendered":"https:\/\/lainedebordeaux.fr\/?post_type=tribe_events&#038;p=759"},"modified":"2025-04-22T14:50:11","modified_gmt":"2025-04-22T12:50:11","slug":"animation-parc-des-coteaux","status":"publish","type":"tribe_events","link":"https:\/\/lainedebordeaux.fr\/index.php\/event\/animation-parc-des-coteaux\/","title":{"rendered":"Animation Parc des Coteaux"},"content":{"rendered":"<p>Dans le cadre de la tonte du troupeau du Parc des Coteaux, je serai pr\u00e9sente pour vous faire d\u00e9couvrir la transformation de la laine et ses propri\u00e9t\u00e9s, lors d&rsquo;une d\u00e9monstration.<\/p>\n<p>Suivant cette d\u00e9monstration, pour les curieux j&rsquo;animerai \u00e9galement un atelier d&rsquo;initiation au filage.<\/p>\n<p>Pour cela rendez-vous \u00e0 la prairie Tranch\u00e8re du parc Palmer (en contrebas du parking de l\u2019\u00e9cole de musique) \u00e0 <b>Cenon<\/b><\/p>\n","protected":false},"excerpt":{"rendered":"<p>Dans le cadre de la tonte du troupeau du Parc des Coteaux, je serai pr\u00e9sente pour vous faire d\u00e9couvrir la transformation de la laine et ses propri\u00e9t\u00e9s, lors d&rsquo;une d\u00e9monstration. &hellip; <\/p>\n<p class=\"link-more\"><a href=\"https:\/\/lainedebordeaux.fr\/index.php\/event\/animation-parc-des-coteaux\/\" class=\"more-link\">Lire la suite de<span class=\"screen-reader-text\">\u00ab\u00a0Animation Parc des Coteaux\u00a0\u00bb<\/span><\/a><\/p>\n","protected":false},"author":1,"featured_media":763,"template":"","meta":{"_tribe_events_status":"","_tribe_events_status_reason":"","footnotes":""},"tags":[],"tribe_events_cat":[14],"class_list":["post-759","tribe_events","type-tribe_events","status-publish","has-post-thumbnail","hentry","tribe_events_cat-animations","cat_animations"],"_links":{"self":[{"href":"https:\/\/lainedebordeaux.fr\/index.php\/wp-json\/wp\/v2\/tribe_events\/759","targetHints":{"allow":["GET"]}}],"collection":[{"href":"https:\/\/lainedebordeaux.fr\/index.php\/wp-json\/wp\/v2\/tribe_events"}],"about":[{"href":"https:\/\/lainedebordeaux.fr\/index.php\/wp-json\/wp\/v2\/types\/tribe_events"}],"author":[{"embeddable":true,"href":"https:\/\/lainedebordeaux.fr\/index.php\/wp-json\/wp\/v2\/users\/1"}],"version-history":[{"count":1,"href":"https:\/\/lainedebordeaux.fr\/index.php\/wp-json\/wp\/v2\/tribe_events\/759\/revisions"}],"predecessor-version":[{"id":761,"href":"https:\/\/lainedebordeaux.fr\/index.php\/wp-json\/wp\/v2\/tribe_events\/759\/revisions\/761"}],"wp:featuredmedia":[{"embeddable":true,"href":"https:\/\/lainedebordeaux.fr\/index.php\/wp-json\/wp\/v2\/media\/763"}],"wp:attachment":[{"href":"https:\/\/lainedebordeaux.fr\/index.php\/wp-json\/wp\/v2\/media?parent=759"}],"wp:term":[{"taxonomy":"post_tag","embeddable":true,"href":"https:\/\/lainedebordeaux.fr\/index.php\/wp-json\/wp\/v2\/tags?post=759"},{"taxonomy":"tribe_events_cat","embeddable":true,"href":"https:\/\/lainedebordeaux.fr\/index.php\/wp-json\/wp\/v2\/tribe_events_cat?post=759"}],"curies":[{"name":"wp","href":"https:\/\/api.w.org\/{rel}","templated":true}]}}

<p>Dans le cadre de la tonte du troupeau du Parc des Coteaux, je serai présente pour vous faire découvrir la transformation de la laine et ses propriétés, lors d&rsquo;une démonstration.</p>
<p>Suivant cette démonstration, pour les curieux j&rsquo;animerai également un atelier d&rsquo;initiation au filage.</p>
<p>Pour cela rendez-vous à la prairie Tranchère du parc Palmer (en contrebas du parking de l’école de musique) à <b>Cenon</b></p>

<p>Dans le cadre de la tonte du troupeau du Parc des Coteaux, je serai présente pour vous faire découvrir la transformation de la laine et ses propriétés, lors d&rsquo;une démonstration. &hellip; </p>
<p class="link-more"><a href="https://lainedebordeaux.fr/index.php/event/animation-parc-des-coteaux/" class="more-link">Lire la suite de<span class="screen-reader-text">« Animation Parc des Coteaux »</span></a></p>
