{"id":733,"date":"2025-01-28T10:47:12","date_gmt":"2025-01-28T09:47:12","guid":{"rendered":"https:\/\/lainedebordeaux.fr\/?post_type=tribe_events&#038;p=733"},"modified":"2025-01-31T10:49:04","modified_gmt":"2025-01-31T09:49:04","slug":"festival-laineux","status":"publish","type":"tribe_events","link":"https:\/\/lainedebordeaux.fr\/index.php\/event\/festival-laineux\/","title":{"rendered":"Festival Laineux"},"content":{"rendered":"<p>Je serai pr\u00e9sente du 1er au 2 mars Au Festival Laineux \u00e0 Portets, pour vous faire d\u00e9couvrir le filage de la laine au fuseau.<br \/>\nVous apprendrez tout ce qu&rsquo;il faut sur cette merveille qu&rsquo;est la laine, pr\u00e9parer votre fuseau, filer la laine et retordre les brins de laine pour obtenir votre fil d\u00e9finitif.<\/p>\n<p>R\u00e9server votre place, car pour m&rsquo;occuper de vous, nous serons en petit comit\u00e9 (8 personnes maximum).<\/p>\n<p>Pour la r\u00e9servation c&rsquo;est par ici : <a href=\"https:\/\/www.helloasso.com\/associations\/entre-deux-laines\/evenements\/festival-laineux-entre-deux-laines\" target=\"_blank\" rel=\"noopener\">https:\/\/www.helloasso.com\/associations\/entre-deux-laines\/evenements\/festival-laineux-entre-deux-laines<\/a><\/p>\n<p>Co\u00fbt de l&rsquo;atelier : 32\u20ac<\/p>\n","protected":false},"excerpt":{"rendered":"<p>Je serai pr\u00e9sente du 1er au 2 mars Au Festival Laineux \u00e0 Portets, pour vous faire d\u00e9couvrir le filage de la laine au fuseau. Vous apprendrez tout ce qu&rsquo;il faut &hellip; <\/p>\n<p class=\"link-more\"><a href=\"https:\/\/lainedebordeaux.fr\/index.php\/event\/festival-laineux\/\" class=\"more-link\">Lire la suite de<span class=\"screen-reader-text\">\u00ab\u00a0Festival Laineux\u00a0\u00bb<\/span><\/a><\/p>\n","protected":false},"author":1,"featured_media":653,"template":"","meta":{"_tribe_events_status":"","_tribe_events_status_reason":"","footnotes":""},"tags":[],"tribe_events_cat":[12],"class_list":["post-733","tribe_events","type-tribe_events","status-publish","has-post-thumbnail","hentry","tribe_events_cat-festival","cat_festival"],"_links":{"self":[{"href":"https:\/\/lainedebordeaux.fr\/index.php\/wp-json\/wp\/v2\/tribe_events\/733","targetHints":{"allow":["GET"]}}],"collection":[{"href":"https:\/\/lainedebordeaux.fr\/index.php\/wp-json\/wp\/v2\/tribe_events"}],"about":[{"href":"https:\/\/lainedebordeaux.fr\/index.php\/wp-json\/wp\/v2\/types\/tribe_events"}],"author":[{"embeddable":true,"href":"https:\/\/lainedebordeaux.fr\/index.php\/wp-json\/wp\/v2\/users\/1"}],"version-history":[{"count":5,"href":"https:\/\/lainedebordeaux.fr\/index.php\/wp-json\/wp\/v2\/tribe_events\/733\/revisions"}],"predecessor-version":[{"id":740,"href":"https:\/\/lainedebordeaux.fr\/index.php\/wp-json\/wp\/v2\/tribe_events\/733\/revisions\/740"}],"wp:featuredmedia":[{"embeddable":true,"href":"https:\/\/lainedebordeaux.fr\/index.php\/wp-json\/wp\/v2\/media\/653"}],"wp:attachment":[{"href":"https:\/\/lainedebordeaux.fr\/index.php\/wp-json\/wp\/v2\/media?parent=733"}],"wp:term":[{"taxonomy":"post_tag","embeddable":true,"href":"https:\/\/lainedebordeaux.fr\/index.php\/wp-json\/wp\/v2\/tags?post=733"},{"taxonomy":"tribe_events_cat","embeddable":true,"href":"https:\/\/lainedebordeaux.fr\/index.php\/wp-json\/wp\/v2\/tribe_events_cat?post=733"}],"curies":[{"name":"wp","href":"https:\/\/api.w.org\/{rel}","templated":true}]}}

<p>Je serai présente du 1er au 2 mars Au Festival Laineux à Portets, pour vous faire découvrir le filage de la laine au fuseau.<br />
Vous apprendrez tout ce qu&rsquo;il faut sur cette merveille qu&rsquo;est la laine, préparer votre fuseau, filer la laine et retordre les brins de laine pour obtenir votre fil définitif.</p>
<p>Réserver votre place, car pour m&rsquo;occuper de vous, nous serons en petit comité (8 personnes maximum).</p>
<p>Pour la réservation c&rsquo;est par ici : <a href="https://www.helloasso.com/associations/entre-deux-laines/evenements/festival-laineux-entre-deux-laines" target="_blank" rel="noopener">https://www.helloasso.com/associations/entre-deux-laines/evenements/festival-laineux-entre-deux-laines</a></p>
<p>Coût de l&rsquo;atelier : 32€</p>

<p>Je serai présente du 1er au 2 mars Au Festival Laineux à Portets, pour vous faire découvrir le filage de la laine au fuseau. Vous apprendrez tout ce qu&rsquo;il faut &hellip; </p>
<p class="link-more"><a href="https://lainedebordeaux.fr/index.php/event/festival-laineux/" class="more-link">Lire la suite de<span class="screen-reader-text">« Festival Laineux »</span></a></p>
