{"id":1137,"date":"2026-03-31T11:25:53","date_gmt":"2026-03-31T09:25:53","guid":{"rendered":"https:\/\/lainedebordeaux.fr\/?post_type=tribe_events&#038;p=1137"},"modified":"2026-03-31T12:18:10","modified_gmt":"2026-03-31T10:18:10","slug":"balades-en-ferme-chateau-boutinet","status":"publish","type":"tribe_events","link":"https:\/\/lainedebordeaux.fr\/index.php\/event\/balades-en-ferme-chateau-boutinet\/","title":{"rendered":"Balades en Ferme &#8211; Ch\u00e2teau Boutinet"},"content":{"rendered":"<p>Le dimanche 12 avril, J\u00e9r\u00f4me et Nathalie Depoizier Escuredo vous ouvrent les portes du Ch\u00e2teau Boutinet pour une promenade bucolique \ud83c\udf3c\u00a0au c\u0153ur de leurs vignes et des p\u00e2turages de leurs brebis Southdown.<\/p>\n<p>Tout au long de la journ\u00e9e : d\u00e9gustation \ud83c\udf77, d\u00e9jeuner fermier et autres douceurs \u00e0 partager dans une ambiance conviviale.<\/p>\n<p>J\u2019aurai le plaisir d\u2019y pr\u00e9senter mon savoir-faire autour de la transformation de la laine, du mouton \ud83d\udc11 jusqu\u2019au fil \ud83e\uddf6.<\/p>\n<p>Et pour prolonger ce moment doux et cr\u00e9atif, un espace \u00ab Tricot-Vin \u00bb vous attend pour tricoter, crocheter et \u00e9changer en toute simplicit\u00e9.<\/p>\n<p>\ud83c\udf3f Venez respirer, d\u00e9couvrir et partager, je vous attends avec impatience !<\/p>\n","protected":false},"excerpt":{"rendered":"<p>Le dimanche 12 avril, J\u00e9r\u00f4me et Nathalie Depoizier Escuredo vous ouvrent les portes du Ch\u00e2teau Boutinet pour une promenade bucolique \ud83c\udf3c\u00a0au c\u0153ur de leurs vignes et des p\u00e2turages de leurs &hellip; <\/p>\n<p class=\"link-more\"><a href=\"https:\/\/lainedebordeaux.fr\/index.php\/event\/balades-en-ferme-chateau-boutinet\/\" class=\"more-link\">Lire la suite de<span class=\"screen-reader-text\">\u00ab\u00a0Balades en Ferme &#8211; Ch\u00e2teau Boutinet\u00a0\u00bb<\/span><\/a><\/p>\n","protected":false},"author":1,"featured_media":1141,"template":"","meta":{"_tribe_events_status":"","_tribe_events_status_reason":"","footnotes":""},"tags":[],"tribe_events_cat":[15],"class_list":["post-1137","tribe_events","type-tribe_events","status-publish","has-post-thumbnail","hentry","tribe_events_cat-portes-ouvertes-expositions","cat_portes-ouvertes-expositions"],"_links":{"self":[{"href":"https:\/\/lainedebordeaux.fr\/index.php\/wp-json\/wp\/v2\/tribe_events\/1137","targetHints":{"allow":["GET"]}}],"collection":[{"href":"https:\/\/lainedebordeaux.fr\/index.php\/wp-json\/wp\/v2\/tribe_events"}],"about":[{"href":"https:\/\/lainedebordeaux.fr\/index.php\/wp-json\/wp\/v2\/types\/tribe_events"}],"author":[{"embeddable":true,"href":"https:\/\/lainedebordeaux.fr\/index.php\/wp-json\/wp\/v2\/users\/1"}],"version-history":[{"count":5,"href":"https:\/\/lainedebordeaux.fr\/index.php\/wp-json\/wp\/v2\/tribe_events\/1137\/revisions"}],"predecessor-version":[{"id":1147,"href":"https:\/\/lainedebordeaux.fr\/index.php\/wp-json\/wp\/v2\/tribe_events\/1137\/revisions\/1147"}],"wp:featuredmedia":[{"embeddable":true,"href":"https:\/\/lainedebordeaux.fr\/index.php\/wp-json\/wp\/v2\/media\/1141"}],"wp:attachment":[{"href":"https:\/\/lainedebordeaux.fr\/index.php\/wp-json\/wp\/v2\/media?parent=1137"}],"wp:term":[{"taxonomy":"post_tag","embeddable":true,"href":"https:\/\/lainedebordeaux.fr\/index.php\/wp-json\/wp\/v2\/tags?post=1137"},{"taxonomy":"tribe_events_cat","embeddable":true,"href":"https:\/\/lainedebordeaux.fr\/index.php\/wp-json\/wp\/v2\/tribe_events_cat?post=1137"}],"curies":[{"name":"wp","href":"https:\/\/api.w.org\/{rel}","templated":true}]}}

Balades en Ferme &#8211; Château Boutinet

<p>Le dimanche 12 avril, Jérôme et Nathalie Depoizier Escuredo vous ouvrent les portes du Château Boutinet pour une promenade bucolique 🌼 au cœur de leurs vignes et des pâturages de leurs brebis Southdown.</p>
<p>Tout au long de la journée : dégustation 🍷, déjeuner fermier et autres douceurs à partager dans une ambiance conviviale.</p>
<p>J’aurai le plaisir d’y présenter mon savoir-faire autour de la transformation de la laine, du mouton 🐑 jusqu’au fil 🧶.</p>
<p>Et pour prolonger ce moment doux et créatif, un espace « Tricot-Vin » vous attend pour tricoter, crocheter et échanger en toute simplicité.</p>
<p>🌿 Venez respirer, découvrir et partager, je vous attends avec impatience !</p>

<p>Le dimanche 12 avril, Jérôme et Nathalie Depoizier Escuredo vous ouvrent les portes du Château Boutinet pour une promenade bucolique 🌼 au cœur de leurs vignes et des pâturages de leurs &hellip; </p>
<p class="link-more"><a href="https://lainedebordeaux.fr/index.php/event/balades-en-ferme-chateau-boutinet/" class="more-link">Lire la suite de<span class="screen-reader-text">« Balades en Ferme &#8211; Château Boutinet »</span></a></p>
