{"id":1008,"date":"2026-03-05T11:07:31","date_gmt":"2026-03-05T10:07:31","guid":{"rendered":"https:\/\/lainedebordeaux.fr\/?post_type=tribe_events&#038;p=1008"},"modified":"2026-03-23T11:06:46","modified_gmt":"2026-03-23T10:06:46","slug":"ateliers-filage-de-la-laine-au-chateau-de-chelivette","status":"publish","type":"tribe_events","link":"https:\/\/lainedebordeaux.fr\/index.php\/event\/ateliers-filage-de-la-laine-au-chateau-de-chelivette\/","title":{"rendered":"Ateliers filage de la laine au  Ch\u00e2teau de Chelivette"},"content":{"rendered":"<p>Pour f\u00eater le retour du printemps, profitez d&rsquo;une balade au coeur du vignoble bordelais au Ch\u00e2teau de Chelivette lors des journ\u00e9es Portes Ouvertes du 28 et 29 mars prochain !<\/p>\n<p>Dans cet \u00e9crin de calme, de verdure et de biodiversit\u00e9, vous d\u00e9couvrirez une domaine qui travaille la vigne en Biodynamie.<br \/>\nPour cela, un troupeau de brebis assure naturellement le d\u00e9sherbage et la fertilisation des sols, respectant ainsi la vie du sol et la vigne.<\/p>\n<p>C&rsquo;est l&rsquo;occasion id\u00e9ale pour un dimanche en famille ou les curieux du vin et de la laine !<\/p>\n<p>Vous pourrez participer \u00e0 de multiples activit\u00e9s, dont mon atelier d&rsquo;initiation au filage de la laine au fuseau, \u00e0 15h et 16h30 le 29\/03\/2026.<br \/>\nAttention places limit\u00e9es \u00e0 8 personnes par sessions.<\/p>\n<p>Alors je vous dis \u00e0 bient\u00f4t !<\/p>\n<p><strong>R\u00e9servation de votre place pour l&rsquo;atelier via lien ci-dessous :<\/strong><br \/>\n<a href=\"https:\/\/docs.google.com\/forms\/d\/e\/1FAIpQLScJ3veOxQdIbGSzNi_CTPU-9F1TM5RRsjlOw6uk8PQPyiKAow\/viewform\">Formulaire r\u00e9servation<\/a><\/p>\n","protected":false},"excerpt":{"rendered":"<p>Pour f\u00eater le retour du printemps, profitez d&rsquo;une balade au coeur du vignoble bordelais au Ch\u00e2teau de Chelivette lors des journ\u00e9es Portes Ouvertes du 28 et 29 mars prochain ! &hellip; <\/p>\n<p class=\"link-more\"><a href=\"https:\/\/lainedebordeaux.fr\/index.php\/event\/ateliers-filage-de-la-laine-au-chateau-de-chelivette\/\" class=\"more-link\">Lire la suite de<span class=\"screen-reader-text\">\u00ab\u00a0Ateliers filage de la laine au  Ch\u00e2teau de Chelivette\u00a0\u00bb<\/span><\/a><\/p>\n","protected":false},"author":1,"featured_media":1014,"template":"","meta":{"_tribe_events_status":"","_tribe_events_status_reason":"","footnotes":""},"tags":[],"tribe_events_cat":[15],"class_list":["post-1008","tribe_events","type-tribe_events","status-publish","has-post-thumbnail","hentry","tribe_events_cat-portes-ouvertes-expositions","cat_portes-ouvertes-expositions"],"_links":{"self":[{"href":"https:\/\/lainedebordeaux.fr\/index.php\/wp-json\/wp\/v2\/tribe_events\/1008","targetHints":{"allow":["GET"]}}],"collection":[{"href":"https:\/\/lainedebordeaux.fr\/index.php\/wp-json\/wp\/v2\/tribe_events"}],"about":[{"href":"https:\/\/lainedebordeaux.fr\/index.php\/wp-json\/wp\/v2\/types\/tribe_events"}],"author":[{"embeddable":true,"href":"https:\/\/lainedebordeaux.fr\/index.php\/wp-json\/wp\/v2\/users\/1"}],"version-history":[{"count":6,"href":"https:\/\/lainedebordeaux.fr\/index.php\/wp-json\/wp\/v2\/tribe_events\/1008\/revisions"}],"predecessor-version":[{"id":1105,"href":"https:\/\/lainedebordeaux.fr\/index.php\/wp-json\/wp\/v2\/tribe_events\/1008\/revisions\/1105"}],"wp:featuredmedia":[{"embeddable":true,"href":"https:\/\/lainedebordeaux.fr\/index.php\/wp-json\/wp\/v2\/media\/1014"}],"wp:attachment":[{"href":"https:\/\/lainedebordeaux.fr\/index.php\/wp-json\/wp\/v2\/media?parent=1008"}],"wp:term":[{"taxonomy":"post_tag","embeddable":true,"href":"https:\/\/lainedebordeaux.fr\/index.php\/wp-json\/wp\/v2\/tags?post=1008"},{"taxonomy":"tribe_events_cat","embeddable":true,"href":"https:\/\/lainedebordeaux.fr\/index.php\/wp-json\/wp\/v2\/tribe_events_cat?post=1008"}],"curies":[{"name":"wp","href":"https:\/\/api.w.org\/{rel}","templated":true}]}}

Ateliers filage de la laine au  Château de Chelivette

<p>Pour fêter le retour du printemps, profitez d&rsquo;une balade au coeur du vignoble bordelais au Château de Chelivette lors des journées Portes Ouvertes du 28 et 29 mars prochain !</p>
<p>Dans cet écrin de calme, de verdure et de biodiversité, vous découvrirez une domaine qui travaille la vigne en Biodynamie.<br />
Pour cela, un troupeau de brebis assure naturellement le désherbage et la fertilisation des sols, respectant ainsi la vie du sol et la vigne.</p>
<p>C&rsquo;est l&rsquo;occasion idéale pour un dimanche en famille ou les curieux du vin et de la laine !</p>
<p>Vous pourrez participer à de multiples activités, dont mon atelier d&rsquo;initiation au filage de la laine au fuseau, à 15h et 16h30 le 29/03/2026.<br />
Attention places limitées à 8 personnes par sessions.</p>
<p>Alors je vous dis à bientôt !</p>
<p><strong>Réservation de votre place pour l&rsquo;atelier via lien ci-dessous :</strong><br />
<a href="https://docs.google.com/forms/d/e/1FAIpQLScJ3veOxQdIbGSzNi_CTPU-9F1TM5RRsjlOw6uk8PQPyiKAow/viewform">Formulaire réservation</a></p>

<p>Pour fêter le retour du printemps, profitez d&rsquo;une balade au coeur du vignoble bordelais au Château de Chelivette lors des journées Portes Ouvertes du 28 et 29 mars prochain ! &hellip; </p>
<p class="link-more"><a href="https://lainedebordeaux.fr/index.php/event/ateliers-filage-de-la-laine-au-chateau-de-chelivette/" class="more-link">Lire la suite de<span class="screen-reader-text">« Ateliers filage de la laine au  Château de Chelivette »</span></a></p>
